{"id":41,"date":"2014-11-11T22:08:36","date_gmt":"2014-11-11T20:08:36","guid":{"rendered":"http:\/\/aartal-poachers.de\/wordpress\/?page_id=41"},"modified":"2024-03-27T22:21:05","modified_gmt":"2024-03-27T20:21:05","slug":"gastschuetzen","status":"publish","type":"page","link":"https:\/\/aartal-poachers.de\/?page_id=41","title":{"rendered":"Gastsch\u00fctzen"},"content":{"rendered":"<h4><u><\/u><img fetchpriority=\"high\" decoding=\"async\" class=\"aligncenter wp-image-414 size-large\" src=\"http:\/\/aartal-poachers.de\/wp-content\/uploads\/2014\/11\/2017-10-31-IMG-3074z-1024x438.jpg\" alt=\"2017-10-31-IMG-3074z\" width=\"604\" height=\"258\" srcset=\"https:\/\/aartal-poachers.de\/wp-content\/uploads\/2014\/11\/2017-10-31-IMG-3074z-1024x438.jpg 1024w, https:\/\/aartal-poachers.de\/wp-content\/uploads\/2014\/11\/2017-10-31-IMG-3074z-300x128.jpg 300w, https:\/\/aartal-poachers.de\/wp-content\/uploads\/2014\/11\/2017-10-31-IMG-3074z-900x385.jpg 900w\" sizes=\"(max-width: 604px) 100vw, 604px\" \/><\/h4>\n<h3>\u00a0<\/h3>\n<h3><strong>Welche Voraussetzungen gelten f\u00fcr Gastsch\u00fctzen?<\/strong><\/h3>\n<h4><strong>Eigene Ausr\u00fcstung muss vorhanden sein!\u00a0<br \/>Wir verleihen keine Ausr\u00fcstung.<\/strong><\/h4>\n<p>Gastsch\u00fctzen <strong>ohne Parcourserfahrung<\/strong>\u00a0teilen das bei der Anmeldung bitte mit.<\/p>\n<h5><span style=\"color: #ff0000;\"><em><strong>Achtung: Das Schie\u00dfen mit Armbr\u00fcsten, Compoundb\u00f6gen<\/strong><\/em><\/span> <span style=\"color: #ff0000;\"> <em><strong> und Jagdspitzen ist auf dem Parcours strengstens verboten!!! <\/strong><\/em><\/span><\/h5>\n<h5><span style=\"color: #800000;\"><strong>Sicherheit<\/strong> <\/span>im Bogensport steht an erster Stelle, daher das Wichtigste hierzu\u00a0vorab:<\/h5>\n<ul>\n<li>Ganz wichtig: <strong>Parcoursordnung <\/strong><strong>durchlesen und einhalten <\/strong><strong>(<a href=\"http:\/\/aartal-poachers.de\/wp-content\/uploads\/2018\/12\/BSCapHeV_Parcoursordnung-18_12.pdf\">hier geht es zur Parcoursordnung<\/a>)<\/strong>. Diese Regeln sch\u00fctzen uns alle vor Unf\u00e4llen und\u00a0 Gefahren, sie machen den Bogensport f\u00fcr uns alle &#8222;sicher&#8220;!<\/li>\n<li>Bei Anmeldung bitte auch immer die <strong>Personenanzahl<\/strong> mit angeben.<\/li>\n<li>Bitte <strong>festes Schuhwerk <\/strong>tragen!<\/li>\n<\/ul>\n<hr \/>\n<p><span style=\"color: #003366;\"><strong>Um euch Gastsch\u00fctzen einen schnelleren und flexibleren Zugang zu unserem Parcours zu erm\u00f6glichen, haben wir das Anmelde-Prozedere\u00a0f\u00fcr <\/strong> <strong>den Parcourszugang erweitert:<\/strong><\/span><\/p>\n<p>Die Anmeldung erfolgt\u00a0per<span style=\"color: #008080;\"><strong> Whatsapp \/ SMS <\/strong><\/span>unter der Nr.<span style=\"color: #008080;\"><strong> 01516-4076326 <\/strong><\/span><\/p>\n<p>Die Anmeldung <strong>per Whatsapp \/ SMS<\/strong>\u00a0 sollte <strong><span style=\"color: #008080;\">mind. 24 Std. vorher<\/span> <\/strong>erfolgen.<br \/>Bei Anmeldung per Whatsapp \/ SMS \u00a0sind bei der ersten Anmeldung <strong>der<\/strong> <strong>vollst\u00e4ndige Name und die Anschrift des anmeldenden Gastsch\u00fctzen <span style=\"color: #800000;\">mit Personenanzahl<\/span> anzugeben. Gastsch\u00fctzen <span style=\"color: #ff6600;\">ohne Parcourskenntnis<\/span> (noch nie 3D Bogenparcours geschossen) teilen das bei der Anmeldung mit.<\/strong><br \/>Der Gastsch\u00fctze erh\u00e4lt neben praktischer und rechtlichen Hinweise den <strong>4-stelligen Zahlencode<\/strong>, mit dem der Zugang zum Parcours erfolgen kann. Bei jeder weiteren Anmeldung per Whatsapp \/SMS\u00a0ben\u00f6tigen wir nicht mehr die vollst\u00e4ndigen Angaben der Daten. <strong>Es sollte lediglich immer die Personenanzahl angegeben werden.<\/strong><\/p>\n<p>Die\u00a0 Anmeldung kann auch nach wie vor\u00a0per <strong><span style=\"color: #3366ff;\">Email<\/span> <\/strong>erfolgen an <span style=\"color: #3366ff;\">info<strong>1<\/strong>@aartal-poachers.de<\/span><br \/>Die Email muss aus rechtlichen Gr\u00fcnden in jedem Fall <strong>den vollst\u00e4ndigen Namen und die Anschrift des anmeldenden Gastsch\u00fctzen beinhalten. Bitte auch hier die Personenanzahl mit angeben, und uns informieren wenn <span style=\"color: #ff6600;\">keine Parcourskenntnisse<\/span> (noch nie 3D Bogenparcours geschossen) vorhanden sind.\u00a0<\/strong><br \/>Die Anmeldung\u00a0<span style=\"color: #3366ff;\">per Email sollte <strong>mindestens 48 Stunden vor Beginn des<\/strong><\/span> <strong><span style=\"color: #3366ff;\"> Parcoursbesuchs <\/span><\/strong>erfolgen, damit wir Zeit und Gelegenheit haben, darauf zu reagieren.<br \/>Als Antwort erh\u00e4lt dann der angemeldete Gastsch\u00fctze eine Email, in der, neben einigen allgemeinen rechtlichen und praktischen Hinweisen,\u00a0 auch ein <strong>4-stelliger Zahlencode<\/strong> ausgewiesen ist, mit dem der Zugang zum Parcours erfolgen kann.<\/p>\n<p><span style=\"color: #000000;\">Die Nutzung erfolgt auf eigenes Risiko \u2013 eine <strong>Privat-Haftpflichtersicherung<\/strong> <strong>des\/der Sch\u00fctzen<\/strong>, die auch die Risiken des Bogensports abdeckt, ist unbedingte Voraussetzung f\u00fcr die Nutzung unseres Parcours.<\/span><\/p>\n<p>Die im Anmeldeh\u00e4uschen aush\u00e4ngende, jeweils <strong><span style=\"color: #ff0000;\">aktuelle Parcoursordnung<\/span> <\/strong>ist auf dem Parcours f\u00fcr alle Bogensch\u00fctzen (Vereinsmitglieder und G\u00e4ste) <span style=\"color: #ff0000;\"><strong>verbindlich und strikt zu befolgen<\/strong><\/span>.<\/p>\n<p>Insbesondere ist darauf zu achten, dass sich jede Sch\u00fctzin\/jeder Sch\u00fctze ins <strong>Schie\u00dfbuch ein- und wieder austr\u00e4gt<\/strong> bzw. ein- und wieder austragen l\u00e4sst.<\/p>\n<p>Bitte <strong>eigene Schie\u00dfzettel mitbringen<\/strong>, wenn diese genutzt werden. Wir legen keine Schie\u00dfzettel aus. <a href=\"http:\/\/aartal-poachers.de\/wp-content\/uploads\/2019\/10\/IMG_20190929_135926.jpg\"><img decoding=\"async\" class=\"alignnone wp-image-755 size-large\" src=\"http:\/\/aartal-poachers.de\/wp-content\/uploads\/2019\/10\/IMG_20190929_135926-768x1024.jpg\" alt=\"\" width=\"604\" height=\"805\" srcset=\"https:\/\/aartal-poachers.de\/wp-content\/uploads\/2019\/10\/IMG_20190929_135926-768x1024.jpg 768w, https:\/\/aartal-poachers.de\/wp-content\/uploads\/2019\/10\/IMG_20190929_135926-225x300.jpg 225w\" sizes=\"(max-width: 604px) 100vw, 604px\" \/><\/a><\/p>\n<p>An jeder Station befinden sich mindestens 2 Pfl\u00f6cke \u2013 ein oder mehrere <span style=\"color: #ff0000;\">sportliche (rot)<\/span> Pfl\u00f6cke, und ein <span style=\"color: #0000ff;\">jagdlich (blau)<\/span> gestellter Pflock.<\/p>\n<p>An den meisten Stationen befindet sich auch ein <span style=\"color: #ff9900;\">gelber Pflock <\/span>f\u00fcr nicht so versierte Sch\u00fctzen und Kinder.\u00a0Bei Stationen ohne gelben Pflock steht es den Sch\u00fctzen frei, sich <span style=\"color: #800000;\">unter Beibehaltung der Schussrichtung<\/span> entsprechend n\u00e4her am Ziel zu positionieren.<\/p>\n<p>Der BSC aartal poachers Hohenahr e.V. \u00fcbernimmt keinerlei Haftung f\u00fcr Personen- und Sachsch\u00e4den!<\/p>\n<h5><em><strong>Parcoursgeb\u00fchren\u00a0<\/strong><\/em><\/h5>\n<p><strong>Gastsch\u00fctzen:<\/strong><br \/>Tageskarte Erwachsene: 8,50 \u20ac<br \/>Tageskarte Jugendliche: 6,50 \u20ac (12-17 Jahre) Bis einschl. 11 Jahre frei.<br \/>Parcoursbegehung f\u00fcr Kinder und Jugendliche nur in Begleitung Erwachsener.<\/p>\n<h4><span style=\"color: #003300;\">Wir w\u00fcnschen Euch viel Spa\u00df auf unserem Parcours!<\/span><\/h4>\n\n\n<div class=\"wp-block-group is-nowrap is-layout-flex wp-container-core-group-is-layout-1 wp-block-group-is-layout-flex\"><\/div>\n\n\n\n<p><\/p>\n\n\n\n<pre class=\"wp-block-preformatted\"><\/pre>\n\n\n\n<p><\/p>\n","protected":false},"excerpt":{"rendered":"<p>\u00a0 Welche Voraussetzungen gelten f\u00fcr Gastsch\u00fctzen? Eigene Ausr\u00fcstung muss vorhanden sein!\u00a0Wir verleihen keine Ausr\u00fcstung. Gastsch\u00fctzen ohne Parcourserfahrung\u00a0teilen das bei der Anmeldung bitte mit. Achtung: Das Schie\u00dfen mit Armbr\u00fcsten, Compoundb\u00f6gen und Jagdspitzen ist auf dem Parcours strengstens verboten!!! Sicherheit im Bogensport steht an erster Stelle, daher das Wichtigste hierzu\u00a0vorab: Ganz wichtig: Parcoursordnung durchlesen und einhalten (hier &hellip; <a href=\"https:\/\/aartal-poachers.de\/?page_id=41\" class=\"more-link\"><span class=\"screen-reader-text\">Gastsch\u00fctzen<\/span> weiterlesen <span class=\"meta-nav\">&rarr;<\/span><\/a><\/p>\n","protected":false},"author":3,"featured_media":0,"parent":0,"menu_order":5,"comment_status":"closed","ping_status":"closed","template":"","meta":{"footnotes":""},"class_list":["post-41","page","type-page","status-publish","hentry"],"jetpack_sharing_enabled":true,"_links":{"self":[{"href":"https:\/\/aartal-poachers.de\/index.php?rest_route=\/wp\/v2\/pages\/41"}],"collection":[{"href":"https:\/\/aartal-poachers.de\/index.php?rest_route=\/wp\/v2\/pages"}],"about":[{"href":"https:\/\/aartal-poachers.de\/index.php?rest_route=\/wp\/v2\/types\/page"}],"author":[{"embeddable":true,"href":"https:\/\/aartal-poachers.de\/index.php?rest_route=\/wp\/v2\/users\/3"}],"replies":[{"embeddable":true,"href":"https:\/\/aartal-poachers.de\/index.php?rest_route=%2Fwp%2Fv2%2Fcomments&post=41"}],"version-history":[{"count":110,"href":"https:\/\/aartal-poachers.de\/index.php?rest_route=\/wp\/v2\/pages\/41\/revisions"}],"predecessor-version":[{"id":1261,"href":"https:\/\/aartal-poachers.de\/index.php?rest_route=\/wp\/v2\/pages\/41\/revisions\/1261"}],"wp:attachment":[{"href":"https:\/\/aartal-poachers.de\/index.php?rest_route=%2Fwp%2Fv2%2Fmedia&parent=41"}],"curies":[{"name":"wp","href":"https:\/\/api.w.org\/{rel}","templated":true}]}}